
17
Suppose -2*m - 2*i + 1211 = -3*i, 0 = 2*m + 3*i - 1215. Let u be m/42 + (-3)/7. Calculate the highest common divisor of u and 98.
14
Let b be 4 - (-3)/(9/(-6)). Suppose 7 = -b*d + 3, 0 = -a - 3*d. Let w be 40 - (-2 + a/2). What is the greatest common divisor of w and 13?
13
Let x be ((-15)/(-2))/(4/8). Let f = 9 - 5. Let w(k) = 12*k - 3. Let z be w(f). What is the greatest common divisor of x and z?
15
Let g = 3 + -6. Let f = g + 4. Suppose b + d = 10, -5*b = 2*d - d - 30. What is the greatest common divisor of b and f?
1
Let g be ((-27)/2)/((-6)/40). What is the greatest common divisor of g and 36?
18
Let t(p) = p**2 + 5*p + 1. Let w be t(-6). Let o = -31 - -87. What is the greatest common divisor of w and o?
7
Suppose 3 = -3*i + 12. Suppose -i*r + 1 + 5 = 0. Suppose -2*h + 7*h = 90. Calculate the highest common divisor of h and r.
2
Let j = -45 + 114. Let n be (0 + 1)/(((-15)/(-69))/5). Calculate the highest common divisor of j and n.
23
Let c(q) = -q**2 + q + 2. Let t(m) = -m**2 - 6*m + 10. Let x be t(-7). Let d be c(x). Let f = d - -18. What is the greatest common divisor of 126 and f?
14
Let f(r) = r**3 + r**2 + r + 4. Let w be (0/4)/4 - 0. Let m be f(w). Let k be (22/3)/((-2)/(-12)). What is the greatest common factor of m and k?
4
Let u(a) = a + 2. Let x be u(2). Let o = -11 + 5. Let r = o - -7. What is the greatest common factor of x and r?
1
Suppose -4*a + 0*a = -56. Let b be (-4)/10 + 111/15. What is the greatest common factor of a and b?
7
Let b = 364 + -260. Let z(j) = j**3 + j**2 - 4*j + 0*j**2 + 5*j + 13. Let d be z(0). Calculate the highest common factor of d and b.
13
Suppose -2*c + 61 = 57. Calculate the highest common factor of 2 and c.
2
Let b(c) = c**3 - 13*c**2 + 12*c + 11. Let j be b(12). Calculate the greatest common factor of j and 22.
11
Suppose 7*n = 6*n + 3. Let s be 6/((n/(-30))/(-1)). Calculate the highest common divisor of 15 and s.
15
Let g(o) = -3*o + 3. Let y be g(-13). What is the greatest common factor of y and 84?
42
Suppose -3*v + 12 = -12. Suppose -2*f = -v*f + 72. Calculate the greatest common factor of f and 108.
12
Let j = -43 - -45. Let y = 3 + 2. Calculate the greatest common factor of j and y.
1
Let y = 21 - 12. What is the greatest common factor of 9 and y?
9
Let s(f) = -2*f. Let t be s(-2). Let r = 166 + -122. What is the highest common divisor of r and t?
4
Let a = 21 + -10. Let w = 15 - a. Let l = 13 - 9. Calculate the highest common divisor of w and l.
4
Let k(a) = a**3 - 4*a**2 + a - 6. Let f be k(6). Let r = -57 - -97. Suppose 2*b - r = -3*b. Calculate the greatest common divisor of f and b.
8
Suppose 2*p + 3*a + 11 = 4*p, 0 = 2*p + 4*a - 32. What is the greatest common divisor of p and 90?
10
Suppose 0 = -3*z - 11 + 32. Let c = -5 + z. Calculate the highest common divisor of 2 and c.
2
Let x(a) = 15*a. Let f(k) = -14*k. Let v(u) = -6*f(u) - 5*x(u). Let o be v(1). Let w be 218/8 - (-2)/(-8). What is the greatest common divisor of o and w?
9
Let i(g) = g**2 + g - 2. Let t be i(-5). What is the greatest common factor of t and 6?
6
Let i = 2 - -23. Calculate the highest common divisor of 175 and i.
25
Let w be 14/(-77) - (0 + 464/(-11)). What is the highest common factor of w and 6?
6
Let w = -5 + 9. What is the greatest common factor of 8 and w?
4
Let o = -79 + 194. Let p be (-2 - 1)/((-3)/23). Calculate the greatest common divisor of p and o.
23
Suppose 4*h - 2*w = 2, 4*h + 0*w = 3*w + 1. Let c be 9/(-1*(-2 + h)). What is the highest common divisor of 36 and c?
9
Suppose 0*u + u = 2*a - 26, -a = u - 16. Suppose 92 = 3*c + a. What is the greatest common factor of c and 39?
13
Suppose -2*k + 4 = -k. Let i(n) be the third derivative of n**6/120 + n**4/24 - 2*n**3/3 + n**2. Let m be i(k). What is the greatest common factor of m and 8?
8
Let a = 5 - 2. Let b = 0 + a. Calculate the greatest common divisor of 18 and b.
3
Suppose -13 = -5*a + 2. Calculate the highest common factor of 24 and a.
3
Let r be 1 + (79 - 3) + 3. Suppose -5*s + r = -0*s. What is the greatest common divisor of s and 40?
8
Let l be (4 - 0) + 456 - -2. Calculate the greatest common divisor of 42 and l.
42
Suppose 3*j = 15 + 12. Suppose -j = -3*x - 3*v, 21 = 2*x + 3*x - v. Suppose 4*a = 125 + 19. What is the highest common factor of x and a?
4
Let u be (-50)/(-12) + 8/(-48). Suppose -3*y + 5 + 7 = 0. What is the highest common factor of y and u?
4
Suppose -4*t - 5 + 25 = 0. Suppose t*m - 4*w = 197 - 52, -40 = -m + 3*w. What is the highest common divisor of m and 125?
25
Let h(p) = 10*p - 2. Let s be h(9). What is the highest common divisor of s and 11?
11
Suppose 0 = 5*v - o - 477, -1 - 5 = -2*o. Let y = v + -41. What is the highest common factor of 22 and y?
11
Suppose -3*l + 2*q = -4*l - 3, -4*l - 2*q = -18. Calculate the greatest common factor of 35 and l.
7
Let l be ((-192)/168)/((-1)/14). Calculate the highest common factor of l and 48.
16
Let n(i) = i + 4. Let s be n(5). Let y = s - -4. What is the highest common factor of 39 and y?
13
Let t(i) = i - 4*i + 5*i - i + 13*i**2 + 1. Let r be t(-1). Calculate the highest common factor of r and 26.
13
Suppose 4 = -r + 15. Let c(g) = g**3 - 11*g**2 + g + 7. Let p be c(r). Calculate the highest common divisor of p and 72.
18
Suppose -2 = u - 6. Suppose 4 = -4*z - 0. Let r = u + z. What is the greatest common divisor of 15 and r?
3
Let h(b) = 17*b**3. Let g be h(2). What is the highest common divisor of 17 and g?
17
Let a be 3/((-3)/(-7)) - -1. Let k = 7 + -6. Suppose g + k = 2. Calculate the greatest common factor of g and a.
1
Let a(c) = -c**3 - c**2 - 2*c + 43. Let r be a(0). Let b be (-2)/(-3) - r/(-3). Calculate the greatest common factor of b and 135.
15
Let g = -12 + 22. Suppose 0 = 5*k - g - 120. Calculate the greatest common factor of 39 and k.
13
Let d be (69/(-2))/(33/(-22)). Calculate the greatest common divisor of d and 207.
23
Suppose -k - 2*k - 12 = 0. Let v(m) = -m**3 - 3*m**2 + 4*m + 2. Let g be v(k). Suppose s = 3*s - 20. Calculate the highest common factor of g and s.
2
Let w(u) be the first derivative of u**2/2 + 14*u + 5. Let v be w(-7). Calculate the highest common factor of v and 28.
7
Suppose 3*b - 17 = 2*b. Suppose b + 23 = 2*p. What is the greatest common factor of 8 and p?
4
Suppose 0*p - 4*p + 4*f + 304 = 0, -4*p + 2*f + 312 = 0. Calculate the highest common divisor of 10 and p.
10
Let g(n) = n**3 - 3*n**2 + 3*n - 1. Let w be g(2). Suppose w = u - 5. What is the highest common factor of 18 and u?
6
Let o(r) = -r**3 + 8*r**2 + 8*r + 12. Suppose 1 + 35 = 4*h. Let y be o(h). Suppose 3*z = 2*z + 15. Calculate the highest common divisor of z and y.
3
Suppose -259 = -3*t + 2*d, 4*t - 216 = -3*d + 135. What is the greatest common factor of t and 29?
29
Suppose 6*q - 719 - 457 = 0. What is the highest common factor of q and 28?
28
Let r be 480/(-28)*(-8 - -1). Let o = 82 + -49. Suppose -3 + o = 2*m. Calculate the greatest common factor of r and m.
15
Let p(g) = -g**2 - 10*g + 2. Let q be p(-10). Calculate the highest common factor of q and 6.
2
Let r be 1/(-1)*(-7 - -8). Let j be ((-393)/r)/3 - 3. What is the highest common divisor of j and 16?
16
Let x(p) = 2*p**2 - 2*p - 1. Let i be x(4). Suppose 2*q = 2*c + 3*c - 1259, -1271 = -5*c - 2*q. What is the greatest common divisor of i and c?
23
Let j(u) = u + 7. Let b be j(5). Suppose -23 = -3*p + 1. Calculate the highest common divisor of b and p.
4
Suppose -184 = -2*l - 3*j, 2*l = -0*l - 4*j + 184. What is the greatest common divisor of 23 and l?
23
Suppose 6*i = i - 2340. Let n be 2/(-7) + i/(-21). Calculate the greatest common factor of n and 198.
22
Suppose 0 = -f + 15 + 15. What is the greatest common factor of f and 75?
15
Let b be (32/20)/((-2)/(-5)). Let s(h) = 2*h - 1. Let z be s(b). Calculate the greatest common factor of z and 56.
7
Let k be 10*((-6)/(-15) - 0). Let d = -3 + k. Let a be 2/(-2) - d*-11. What is the highest common divisor of 50 and a?
10
Let h be (1 - 92/(-4)*1) + -3. What is the greatest common divisor of h and 189?
21
Suppose t = 5*t - 120. Let b be (-6)/(2/(-4) - 0). What is the highest common divisor of t and b?
6
Let z(u) = -u**2 + 14*u + 15. Let v be z(14). Calculate the greatest common factor of v and 3.
3
Suppose -5*d = 3*j - 38, -5*j = -4*d - 62 + 11. Let n be (0 - 3)/(3/(